{"id":6412,"date":"2025-01-16T10:18:26","date_gmt":"2025-01-16T09:18:26","guid":{"rendered":"https:\/\/pagis.npu.cz\/wordpress\/?page_id=6412"},"modified":"2025-06-26T12:53:47","modified_gmt":"2025-06-26T10:53:47","slug":"formular2025","status":"publish","type":"page","link":"https:\/\/pagis.npu.cz\/wordpress\/formular2025\/","title":{"rendered":"p\u0159ihla\u0161ovac\u00ed formul\u00e1\u0159"},"content":{"rendered":"<link rel='stylesheet' id='formidable-css' href='https:\/\/pagis.npu.cz\/wordpress\/wp-content\/plugins\/formidable\/css\/formidableforms.css?ver=3121054' media='all' \/>\n<div class=\"frm_forms  with_frm_style frm_style_formidable-style\" id=\"frm_form_26_container\" data-token=\"30bf23c76481707e15f5208a70939d1c\">\n<form enctype=\"multipart\/form-data\" method=\"post\" class=\"frm-show-form \" id=\"form_666a3\" data-token=\"30bf23c76481707e15f5208a70939d1c\">\n<div class=\"frm_form_fields \">\n<fieldset>\n<legend class=\"frm_hidden\">Be\u010dov 2025<\/legend>\r\n<h3 class=\"frm_form_title\">Be\u010dov 2025<\/h3>\r\n<div class=\"frm_fields_container\">\n<input type=\"hidden\" name=\"frm_action\" value=\"create\" \/>\n<input type=\"hidden\" name=\"form_id\" value=\"26\" \/>\n<input type=\"hidden\" name=\"frm_hide_fields_26\" id=\"frm_hide_fields_26\" value=\"\" \/>\n<input type=\"hidden\" name=\"form_key\" value=\"666a3\" \/>\n<input type=\"hidden\" name=\"item_meta[0]\" value=\"\" \/>\n<input type=\"hidden\" id=\"frm_submit_entry_26\" name=\"frm_submit_entry_26\" value=\"694c38283e\" \/><input type=\"hidden\" name=\"_wp_http_referer\" value=\"\/wordpress\/wp-json\/wp\/v2\/pages\/6412\" \/><div id=\"frm_field_221_container\" class=\"frm_form_field form-field  frm_required_field frm_top_container frm_first frm_half\">\r\n    <label for=\"field_2g8h300857e6a3541f9555ed733\" class=\"frm_primary_label\">P\u0159\u00edjmen\u00ed\r\n        <span class=\"frm_required\">*<\/span>\r\n    <\/label>\r\n    <input type=\"text\" id=\"field_2g8h300857e6a3541f9555ed733\" name=\"item_meta[221]\" value=\"\"  data-reqmsg=\"Toto pole nem\u016f\u017ee b\u00fdt pr\u00e1zdn\u00e9.\" aria-required=\"true\" data-invmsg=\"P\u0159\u00edjmen\u00ed is invalid\" aria-invalid=\"false\"  \/>\r\n    \r\n    \r\n<\/div>\n<div id=\"frm_field_222_container\" class=\"frm_form_field form-field  frm_required_field frm_top_container frm_third\">\r\n    <label for=\"field_5fbyt32d7a7eda402ec0a2c21133\" class=\"frm_primary_label\">Jm\u00e9no\r\n        <span class=\"frm_required\">*<\/span>\r\n    <\/label>\r\n    <input type=\"text\" id=\"field_5fbyt32d7a7eda402ec0a2c21133\" name=\"item_meta[222]\" value=\"\"  maxlength=\"25\" data-reqmsg=\"Toto pole nem\u016f\u017ee b\u00fdt pr\u00e1zdn\u00e9.\" aria-required=\"true\" data-invmsg=\"Jm\u00e9no is invalid\" aria-invalid=\"false\"  \/>\r\n    \r\n    \r\n<\/div>\n<div id=\"frm_field_223_container\" class=\"frm_form_field form-field  frm_required_field frm_top_container frm_first frm_half\">\r\n    <label for=\"field_q6es43f21bb555661eccc5b82933\" class=\"frm_primary_label\">Email\r\n        <span class=\"frm_required\">*<\/span>\r\n    <\/label>\r\n    <input type=\"email\" id=\"field_q6es43f21bb555661eccc5b82933\" name=\"item_meta[223]\" value=\"\"  data-reqmsg=\"Toto pole nem\u016f\u017ee b\u00fdt pr\u00e1zdn\u00e9.\" aria-required=\"true\" data-invmsg=\"Email is invalid\" aria-invalid=\"false\"  \/>\r\n    \r\n    \r\n<\/div>\n<div id=\"frm_field_224_container\" class=\"frm_form_field form-field  frm_required_field frm_top_container vertical_radio\">\r\n    <label  class=\"frm_primary_label\">P\u0159ihla\u0161uji se na tyto dny programu:\r\n        <span class=\"frm_required\">*<\/span>\r\n    <\/label>\r\n    <div class=\"frm_opt_container\">\t\t<div class=\"frm_checkbox\" id=\"frm_checkbox_224-0\">\t\t\t<label  for=\"field_lanfq3bf0c1484ab1d0218f65c33-0\">\n\t\t\t<input type=\"checkbox\" name=\"item_meta[224][]\" id=\"field_lanfq3bf0c1484ab1d0218f65c33-0\" value=\"15.10.2025\"  data-reqmsg=\"Toto pole nem\u016f\u017ee b\u00fdt pr\u00e1zdn\u00e9.\" data-invmsg=\"P\u0159ihla\u0161uji se na tyto dny programu: is invalid\"   aria-required=\"true\"  \/> 15.10.2025<\/label><\/div>\n\t\t<div class=\"frm_checkbox\" id=\"frm_checkbox_224-1\">\t\t\t<label  for=\"field_lanfq3bf0c1484ab1d0218f65c33-1\">\n\t\t\t<input type=\"checkbox\" name=\"item_meta[224][]\" id=\"field_lanfq3bf0c1484ab1d0218f65c33-1\" value=\"16.10.2025\"  data-reqmsg=\"Toto pole nem\u016f\u017ee b\u00fdt pr\u00e1zdn\u00e9.\" data-invmsg=\"P\u0159ihla\u0161uji se na tyto dny programu: is invalid\"   \/> 16.10.2025<\/label><\/div>\n\t\t<div class=\"frm_checkbox\" id=\"frm_checkbox_224-2\">\t\t\t<label  for=\"field_lanfq3bf0c1484ab1d0218f65c33-2\">\n\t\t\t<input type=\"checkbox\" name=\"item_meta[224][]\" id=\"field_lanfq3bf0c1484ab1d0218f65c33-2\" value=\"17.10.2025\"  data-reqmsg=\"Toto pole nem\u016f\u017ee b\u00fdt pr\u00e1zdn\u00e9.\" data-invmsg=\"P\u0159ihla\u0161uji se na tyto dny programu: is invalid\"   \/> 17.10.2025<\/label><\/div>\n\t\t<div class=\"frm_checkbox\" id=\"frm_checkbox_224-3\">\t\t\t<label  for=\"field_lanfq3bf0c1484ab1d0218f65c33-3\">\n\t\t\t<input type=\"checkbox\" name=\"item_meta[224][]\" id=\"field_lanfq3bf0c1484ab1d0218f65c33-3\" value=\"nez\u00fa\u010dastn\u00edm se\"  data-reqmsg=\"Toto pole nem\u016f\u017ee b\u00fdt pr\u00e1zdn\u00e9.\" data-invmsg=\"P\u0159ihla\u0161uji se na tyto dny programu: is invalid\"   \/> nez\u00fa\u010dastn\u00edm se<\/label><\/div>\n<\/div>\r\n    <div id=\"frm_desc_field_lanfq3bf0c1484ab1d0218f65c33\" class=\"frm_description\">program se bude teprve cizelovat (15.10. - GIS); 16.10. (PK + v\u00fd\u0161kopisy); 17.10. (MIS, Codebook)<\/div>\r\n    \r\n<\/div>\n<div id=\"frm_field_225_container\" class=\"frm_form_field form-field  frm_top_container vertical_radio\">\r\n    <label  class=\"frm_primary_label\">Chci se z\u00fa\u010dastnit adrenalinov\u00e9ho z\u00e1\u017eitku (lezeck\u00e1 st\u011bna + ferrata)\r\n        <span class=\"frm_required\"><\/span>\r\n    <\/label>\r\n    <div class=\"frm_opt_container\">\t\t<div class=\"frm_checkbox\" id=\"frm_checkbox_225-2\">\t\t\t<label  for=\"field_m0wl1ca5992fbdb3a0148e4c033-2\">\n\t\t\t<input type=\"checkbox\" name=\"item_meta[225][]\" id=\"field_m0wl1ca5992fbdb3a0148e4c033-2\" value=\"16.10.2025 15:30\"  data-invmsg=\"Chci se z\u00fa\u010dastnit adrenalinov\u00e9ho z\u00e1\u017eitku (lezeck\u00e1 st\u011bna + ferrata) is invalid\"   \/> 16.10.2025 15:30<\/label><\/div>\n<\/div>\r\n    <div id=\"frm_desc_field_m0wl1ca5992fbdb3a0148e4c033\" class=\"frm_description\">akce se uskute\u010dn\u00ed na z\u00e1klad\u011b po\u010dtu p\u0159ihl\u00e1\u0161en\u00fdch<\/div>\r\n    \r\n<\/div>\n<div id=\"frm_field_233_container\" class=\"frm_form_field form-field  frm_top_container vertical_radio\">\r\n\t<div  id=\"field_gg4fc_label\" class=\"frm_primary_label\">Chci se z\u00fa\u010dastnit kastel\u00e1nsk\u00e9 prohl\u00eddky hradu\r\n\t\t<span class=\"frm_required\" aria-hidden=\"true\"><\/span>\r\n\t<\/div>\r\n\t<div class=\"frm_opt_container\" aria-labelledby=\"field_gg4fc_label\" role=\"group\">\t\t<div class=\"frm_checkbox\" id=\"frm_checkbox_233-0\">\t\t\t<label  for=\"field_gg4fc-0\">\n\t\t\t<input type=\"checkbox\" name=\"item_meta[233][]\" id=\"field_gg4fc-0\" value=\"17.10.2025 13:00\"  data-invmsg=\"Chci se z\u00fa\u010dastnit kastel\u00e1nsk\u00e9 prohl\u00eddky hradu is invalid\"   \/> 17.10.2025 13:00<\/label><\/div>\n<\/div>\r\n\t\r\n\t\r\n<\/div>\n<div id=\"frm_field_226_container\" class=\"frm_form_field form-field  frm_top_container vertical_radio\">\r\n    <label  class=\"frm_primary_label\">Objedn\u00e1v\u00e1m ubytov\u00e1n\u00ed na:\r\n        <span class=\"frm_required\"><\/span>\r\n    <\/label>\r\n    <div class=\"frm_opt_container\">\t\t<div class=\"frm_checkbox\" id=\"frm_checkbox_226-0\">\t\t\t<label  for=\"field_288q13440f539234eb06c9a30433-0\">\n\t\t\t<input type=\"checkbox\" name=\"item_meta[226][]\" id=\"field_288q13440f539234eb06c9a30433-0\" value=\"15.-16.10.2025\"  data-invmsg=\"Objedn\u00e1v\u00e1m ubytov\u00e1n\u00ed na: is invalid\"   \/> 15.-16.10.2025<\/label><\/div>\n\t\t<div class=\"frm_checkbox\" id=\"frm_checkbox_226-1\">\t\t\t<label  for=\"field_288q13440f539234eb06c9a30433-1\">\n\t\t\t<input type=\"checkbox\" name=\"item_meta[226][]\" id=\"field_288q13440f539234eb06c9a30433-1\" value=\"16.-17.10.2025\"  data-invmsg=\"Objedn\u00e1v\u00e1m ubytov\u00e1n\u00ed na: is invalid\"   \/> 16.-17.10.2025<\/label><\/div>\n<\/div>\r\n    \r\n    \r\n<\/div>\n<div id=\"frm_field_227_container\" class=\"frm_form_field form-field  frm_top_container vertical_radio\">\r\n    <label  class=\"frm_primary_label\">Mo\u017enosti ubytov\u00e1n\u00ed\r\n        <span class=\"frm_required\"><\/span>\r\n    <\/label>\r\n    <div class=\"frm_opt_container\">\t\t<div class=\"frm_checkbox\" id=\"frm_checkbox_227-2\">\t\t\t<label  for=\"field_w064835890aad9e31ae4e00f5933-2\">\n\t\t\t<input type=\"checkbox\" name=\"item_meta[227][]\" id=\"field_w064835890aad9e31ae4e00f5933-2\" value=\"ubytov\u00e1n\u00ed na hrad\u011b (zdarma) - m\u00e9n\u011b komfortn\u00ed (ur\u010deno p\u0159edev\u0161\u00edm editor\u016fm GIS)\"  data-invmsg=\"Mo\u017enosti ubytov\u00e1n\u00ed is invalid\"   \/> ubytov\u00e1n\u00ed na hrad\u011b (zdarma) - m\u00e9n\u011b komfortn\u00ed (ur\u010deno p\u0159edev\u0161\u00edm editor\u016fm GIS)<\/label><\/div>\n\t\t<div class=\"frm_checkbox\" id=\"frm_checkbox_227-4\">\t\t\t<label  for=\"field_w064835890aad9e31ae4e00f5933-4\">\n\t\t\t<input type=\"checkbox\" name=\"item_meta[227][]\" id=\"field_w064835890aad9e31ae4e00f5933-4\" value=\"penzion Star\u00e1 po\u0161ta (https:\/\/becov-staraposta.cz\/ubytovani\/)\"  data-invmsg=\"Mo\u017enosti ubytov\u00e1n\u00ed is invalid\"   \/> penzion Star\u00e1 po\u0161ta (https:\/\/becov-staraposta.cz\/ubytovani\/)<\/label><\/div>\n\t\t<div class=\"frm_checkbox\" id=\"frm_checkbox_227-5\">\t\t\t<label  for=\"field_w064835890aad9e31ae4e00f5933-5\">\n\t\t\t<input type=\"checkbox\" name=\"item_meta[227][]\" id=\"field_w064835890aad9e31ae4e00f5933-5\" value=\"penzion Mlsn\u00fd medv\u011bd (https:\/\/www.mlsny-medved.com\/menu\/)\"  data-invmsg=\"Mo\u017enosti ubytov\u00e1n\u00ed is invalid\"   \/> penzion Mlsn\u00fd medv\u011bd (https:\/\/www.mlsny-medved.com\/menu\/)<\/label><\/div>\n<\/div>\r\n    <div id=\"frm_desc_field_w064835890aad9e31ae4e00f5933\" class=\"frm_description\">z\u00e1jemci o ubytov\u00e1n\u00ed na z\u00e1mku se p\u0159edb\u011b\u017en\u011b nahlaste kolegyni Podrazilov\u00e9<\/div>\r\n    \r\n<\/div>\n<div id=\"frm_field_228_container\" class=\"frm_form_field form-field  frm_top_container frm_scroll_box\">\r\n    <label for=\"field_6v94y38b742c9315b5b3a5e4b633\" class=\"frm_primary_label\">Dotazy a n\u00e1m\u011bty do programu:\r\n        <span class=\"frm_required\"><\/span>\r\n    <\/label>\r\n    <textarea name=\"item_meta[228]\" id=\"field_6v94y38b742c9315b5b3a5e4b633\" rows=\"5\"  data-invmsg=\"Dotazy a n\u00e1m\u011bty do programu: is invalid\" aria-invalid=\"false\"   aria-describedby=\"frm_desc_field_6v94y38b742c9315b5b3a5e4b633\"><\/textarea>\r\n    <div id=\"frm_desc_field_6v94y38b742c9315b5b3a5e4b633\" class=\"frm_description\">Pokud chcete p\u0159edat dotaz dodavatel\u016fm jednotliv\u00fdch aplikac\u00ed IISPP nebo m\u00e1te n\u00e1m\u011bty do programu, uve\u010fte je pros\u00edm zde.<\/div>\r\n    \r\n<\/div>\n<div id=\"frm_field_229_container\" class=\"frm_form_field form-field  frm_top_container\">\r\n    <label for=\"g-recaptcha-response\" class=\"frm_primary_label\">Captcha\r\n        <span class=\"frm_required\"><\/span>\r\n    <\/label>\r\n    <div  id=\"field_8tpzn38979bb062f481fd384dd33\" class=\"g-recaptcha\" data-sitekey=\"6LfGdhgUAAAAAA5hKlRKRakzF3Z5-qzl9m7C2EHh\" data-size=\"normal\" data-theme=\"light\"><\/div>\r\n    <div id=\"frm_desc_field_8tpzn38979bb062f481fd384dd33\" class=\"frm_description\">Pros\u00edm doka\u017ete, \u017ee nejste robot.<\/div>\r\n    \r\n<\/div>\n<div id=\"frm_field_232_container\" class=\"frm_form_field form-field \">\r\n\t<div class=\"frm_submit\">\r\n\r\n<button class=\"frm_button_submit\" type=\"submit\"  >odeslat formul\u00e1\u0159<\/button>\r\n\r\n<\/div>\r\n<\/div>\n\t<input type=\"hidden\" name=\"item_key\" value=\"\" \/>\n\t\t\t<div id=\"frm_field_259_container\">\n\t\t\t<label for=\"field_htu1a\" >\n\t\t\t\tIf you are human, leave this field blank.\t\t\t<\/label>\n\t\t\t<input  id=\"field_htu1a\" type=\"text\" class=\"frm_form_field form-field frm_verify\" name=\"item_meta[259]\" value=\"\"  \/>\n\t\t<\/div>\n\t\t<input name=\"frm_state\" type=\"hidden\" value=\"SFNByScXKD0j5uUqh1A0UKHGRqhYLBEBthGlDPYfdI4=\" \/><\/div>\n<\/fieldset>\n<\/div>\n\n<\/form>\n<\/div>\n\n","protected":false},"excerpt":{"rendered":"","protected":false},"author":4,"featured_media":0,"parent":0,"menu_order":0,"comment_status":"closed","ping_status":"closed","template":"","meta":{"footnotes":""},"class_list":["post-6412","page","type-page","status-publish","hentry"],"_links":{"self":[{"href":"https:\/\/pagis.npu.cz\/wordpress\/wp-json\/wp\/v2\/pages\/6412","targetHints":{"allow":["GET"]}}],"collection":[{"href":"https:\/\/pagis.npu.cz\/wordpress\/wp-json\/wp\/v2\/pages"}],"about":[{"href":"https:\/\/pagis.npu.cz\/wordpress\/wp-json\/wp\/v2\/types\/page"}],"author":[{"embeddable":true,"href":"https:\/\/pagis.npu.cz\/wordpress\/wp-json\/wp\/v2\/users\/4"}],"replies":[{"embeddable":true,"href":"https:\/\/pagis.npu.cz\/wordpress\/wp-json\/wp\/v2\/comments?post=6412"}],"version-history":[{"count":5,"href":"https:\/\/pagis.npu.cz\/wordpress\/wp-json\/wp\/v2\/pages\/6412\/revisions"}],"predecessor-version":[{"id":6721,"href":"https:\/\/pagis.npu.cz\/wordpress\/wp-json\/wp\/v2\/pages\/6412\/revisions\/6721"}],"wp:attachment":[{"href":"https:\/\/pagis.npu.cz\/wordpress\/wp-json\/wp\/v2\/media?parent=6412"}],"curies":[{"name":"wp","href":"https:\/\/api.w.org\/{rel}","templated":true}]}}