{"id":5958,"date":"2024-03-20T14:58:12","date_gmt":"2024-03-20T13:58:12","guid":{"rendered":"https:\/\/pagis.npu.cz\/wordpress\/?page_id=5958"},"modified":"2024-03-20T14:58:12","modified_gmt":"2024-03-20T13:58:12","slug":"revizni-okenko","status":"publish","type":"page","link":"https:\/\/pagis.npu.cz\/wordpress\/revizni-okenko\/","title":{"rendered":"Revizn\u00ed ok\u00e9nko"},"content":{"rendered":"<p>Tato sekce je ur\u010dena p\u0159edev\u0161\u00edm pro osoby spolupracuj\u00edc\u00ed \u0159e\u0161en\u00ed \u00fakolu digitalizace KP.<\/p>\n","protected":false},"excerpt":{"rendered":"<p>Tato sekce je ur\u010dena p\u0159edev\u0161\u00edm pro osoby spolupracuj\u00edc\u00ed \u0159e\u0161en\u00ed \u00fakolu digitalizace KP.<\/p>\n","protected":false},"author":3,"featured_media":0,"parent":0,"menu_order":0,"comment_status":"closed","ping_status":"closed","template":"","meta":{"footnotes":""},"class_list":["post-5958","page","type-page","status-publish","hentry"],"_links":{"self":[{"href":"https:\/\/pagis.npu.cz\/wordpress\/wp-json\/wp\/v2\/pages\/5958","targetHints":{"allow":["GET"]}}],"collection":[{"href":"https:\/\/pagis.npu.cz\/wordpress\/wp-json\/wp\/v2\/pages"}],"about":[{"href":"https:\/\/pagis.npu.cz\/wordpress\/wp-json\/wp\/v2\/types\/page"}],"author":[{"embeddable":true,"href":"https:\/\/pagis.npu.cz\/wordpress\/wp-json\/wp\/v2\/users\/3"}],"replies":[{"embeddable":true,"href":"https:\/\/pagis.npu.cz\/wordpress\/wp-json\/wp\/v2\/comments?post=5958"}],"version-history":[{"count":1,"href":"https:\/\/pagis.npu.cz\/wordpress\/wp-json\/wp\/v2\/pages\/5958\/revisions"}],"predecessor-version":[{"id":5959,"href":"https:\/\/pagis.npu.cz\/wordpress\/wp-json\/wp\/v2\/pages\/5958\/revisions\/5959"}],"wp:attachment":[{"href":"https:\/\/pagis.npu.cz\/wordpress\/wp-json\/wp\/v2\/media?parent=5958"}],"curies":[{"name":"wp","href":"https:\/\/api.w.org\/{rel}","templated":true}]}}