{"id":3427,"date":"2020-09-17T16:27:30","date_gmt":"2020-09-17T14:27:30","guid":{"rendered":"https:\/\/pagis.npu.cz\/?page_id=3427"},"modified":"2025-11-15T22:29:22","modified_gmt":"2025-11-15T21:29:22","slug":"about-pagis","status":"publish","type":"page","link":"https:\/\/pagis.npu.cz\/wordpress\/about-pagis\/","title":{"rendered":"About PaGIS"},"content":{"rendered":"<h2 id=\"pagis---pam\u00e1tkov\u00fd-geografick\" class=\"filterblock\">PaGIS &#8211; Heritage GIS<\/h2>\n<p>PaGIS (<span class=\"st\">abbreviation for<\/span> Pam\u00e1tkov\u00fd GIS = Heritage GIS) is one of the modules (subsystems) of Integrated Heritage Information System (IISPP), which provides the environment in which significant cultural heritage data are collected, interpreted, presented and archived in order to facilitate understanding of the configuration, evolution, condition, and context of heritage sites and objects. PaGIS is based on the object data model with seamless datasets for the whole territory of Czech Republic. The GIS is not only used to inventory and analyze (several thematic maps for ArcGIS Desktop as well as internal and public web mapping projects and applications are available), but it also offers the unique spatial identifiers for other IISPP modules and databases:<br \/>\n&#8211; MIS (Meta Informa\u010dn\u00ed Syst\u00e9m) \u2013 system for the management of the digital and digitalized documentation, that is used also for the storage of the GIS data, that could not be included in the seamless datasets of Czech Republic (integrated with PaGIS since 2007)<br \/>\n&#8211; Heritage Catalogue (Pam\u00e1tkov\u00fd Katalog) &#8211; list of unmovable and movable cultural monuments, conservation areas and protection zones and inventory of objects and sites of cultural heritage interest (integrated with PaGIS since 2015)<br \/>\nThanks to unique spatial identifiers the visualization of the Heritage Catalogue records and documentation stored in MIS is possible in GIS map projects and Heritage Catalogue and MIS can benefit from spatial analysis tools of GIS.<br \/>\nThe interoperability with other parties and institutions is provided by public web map services and mapping projects (applications), that enable the use of the IISPP spatial identifiers.<\/p>\n<h5 id=\"national-heritage-institute-in\">National Heritage Institute information systems (past and present):<\/h5>\n<p>\u20221995 \u2013 SAS \u2013 State archeological register<br \/>\n\u20221996 \u2013 MonumIS\/Net \u2013 Central register of Czech cultural heritage<br \/>\n\u20222001\/2004 \u2013 PaGIS \u2013 GIS of protected areas and immovable cultural heritage<br \/>\n\u20222002 \u2013 <a href=\"https:\/\/isad.npu.cz\/\" target=\"_blank\" rel=\"noopener noreferrer\">ISAD<\/a> \u2013 Archeological information system (Significant Archaeological Sites)<br \/>\n\u20222005 \u2013 IISPP &#8211; Integrated Heritage Information System<br \/>\n\u20222007 \u2013 <a href=\"https:\/\/iispp.npu.cz\/mis\/public\/homepage.htm\" target=\"_blank\" rel=\"noopener noreferrer\">MIS<\/a> \u2013 Metainformation system of digital documentation<br \/>\n\u20222011 \u2013 Codebook &#8211; dictionaries, thesauruses \u00a6 Tritius \/ <a href=\"https:\/\/iispp.npu.cz\/carmen\/?lang=EN\" target=\"_blank\" rel=\"noopener noreferrer\">Carmen<\/a> \u2013 National Heritage Institute libraries and archives<br \/>\n\u20222014\/2015 \u2013 <a href=\"https:\/\/iispp.npu.cz\/\" target=\"_blank\" rel=\"noopener noreferrer\">Web portal of Integrated Heritage Information System<\/a> \u00a6 <a href=\"https:\/\/pamatkovykatalog.cz\/\" target=\"_blank\" rel=\"noopener noreferrer\">Heritage Catalogue<\/a> \u2013 Central Register (legal protection status) and Inventory (heritage asset records) \u00a6 <a href=\"https:\/\/geoportal.npu.cz\/web\/Geoportal\/Index_en\" target=\"_blank\" rel=\"noopener noreferrer\">Monument Care Geoportal<\/a> &#8211; Web Mapping Projects and Applications, Map Services and Datasets<\/p>\n<h5 id=\"other-national-heritage-gis-so\">Other National Heritage spatial data resources:<\/h5>\n<ul>\n<li><a href=\"https:\/\/geoportal.npu.cz\/ArcGIS\/rest\/services\" target=\"_blank\" rel=\"noopener noreferrer\">ArcGIS REST Services Directory<\/a><\/li>\n<li><a href=\"https:\/\/inspire.npu.cz\/\" target=\"_blank\" rel=\"noopener noreferrer\">INSPIRE Protected Sites &#8211; Cultural Heritage<\/a><\/li>\n<li><a href=\"https:\/\/npu.maps.arcgis.com\/home\/index.html\" target=\"_blank\" rel=\"noopener noreferrer\">National Heritage Institute on ArcGIS online<\/a><\/li>\n<\/ul>\n<h5 id=\"articles---papers-and-presenta\"><strong>Articles &#8211; papers and presentations:<\/strong><\/h5>\n<ul>\n<li>SYROV\u00c1, Zuzana, SYROV\u00dd, Ji\u0159\u00ed. GIS as a&nbsp;part of Czech Heritage Integrated Information System. XXIIrd Symposium CIPA, September, 12th-16th, 2011, Prague, Faculty of Civil Engeneering, Czech technical University in Prague; ISBN 978-80-01-04885-6. <a href=\"https:\/\/pagis.npu.cz\/wordpress\/wp-content\/uploads\/2020\/09\/cipa117123998.pdf\" target=\"_blank\" rel=\"noopener noreferrer\">PDF<\/a>\u00a0\u00a6 <a href=\"https:\/\/pagis.npu.cz\/wordpress\/wp-content\/uploads\/2020\/09\/poster_201112_black52.pdf\" target=\"_blank\" rel=\"noopener noreferrer\">poster<\/a><\/li>\n<li>SYROV\u00c1, Zuzana, SYROV\u00dd, Ji\u0159\u00ed:\u00a0 Constructions en terre dans le syst\u00e8me d\u2019information du patrimoine in JOFFROY, T., GUILLAUD, H., SADOZA\u00cf, C. (dir.). Terra Lyon 2016: Articles s\u00e9lectionn\u00e9s pour publication en ligne \/ articles selected for on-line publication \/ art\u00edculos seleccionados para publicaci\u00f3n en l\u00ednea. 2018. Villefontaine : CRAterre. ISBN 979-10-96446-12-4. Available online \/ Disponible en ligne sur &lt; <a href=\"https:\/\/craterre.hypotheses.org\/1827\" target=\"_blank\" rel=\"noopener noreferrer\">https:\/\/craterre.hypotheses.org\/1827<\/a> &gt; <a href=\"https:\/\/blog.sy-sy.cz\/wp-content\/uploads\/2020\/09\/TERRA-2016_Th-1_Art-049_Syrova_bis.pdf\" target=\"_blank\" rel=\"noopener noreferrer\">PDF (FR)<\/a> \u00a6 <a href=\"https:\/\/blog.sy-sy.cz\/wp-content\/uploads\/2020\/09\/TERRA2016_049_PPT.pdf\">presetation (ENG)<\/a><\/li>\n<li>SYROV\u00c1, Zuzana, EISMANN, \u0160imon &amp;\u00a0SKLEN\u00c1\u0158, Karel. Heritage GIS (PaGIS) in the context of the Integrated Heritage Information System. Presentation presented at: [DLM GeoForum Meeting Prague 2022 ; 2022 Sept 7; National Archives of the Czech Republic (N\u00e1rodn\u00ed archiv), Archivn\u00ed 2257\/4, 149 01 Praha 4, Czech Republic.] <a href=\"https:\/\/pagis.npu.cz\/wordpress\/wp-content\/uploads\/2022\/09\/PaGIS20220907_ENGred-1.pdf\" target=\"_blank\" rel=\"noopener\">PDF<\/a><\/li>\n<\/ul>\n<p>&nbsp;<\/p>\n","protected":false},"excerpt":{"rendered":"<p>PaGIS &#8211; Heritage GIS PaGIS (abbreviation for Pam\u00e1tkov\u00fd GIS = Heritage GIS) is one of the modules (subsystems) of Integrated Heritage Information System (IISPP), which provides the environment in which &hellip; <a href=\"https:\/\/pagis.npu.cz\/wordpress\/about-pagis\/\" class=\"more-link\">Pokra\u010dovat ve \u010dten\u00ed<span class=\"screen-reader-text\"> &#8222;About PaGIS&#8220;<\/span><\/a><\/p>\n","protected":false},"author":3,"featured_media":0,"parent":0,"menu_order":0,"comment_status":"closed","ping_status":"closed","template":"","meta":{"footnotes":""},"class_list":["post-3427","page","type-page","status-publish","hentry"],"_links":{"self":[{"href":"https:\/\/pagis.npu.cz\/wordpress\/wp-json\/wp\/v2\/pages\/3427","targetHints":{"allow":["GET"]}}],"collection":[{"href":"https:\/\/pagis.npu.cz\/wordpress\/wp-json\/wp\/v2\/pages"}],"about":[{"href":"https:\/\/pagis.npu.cz\/wordpress\/wp-json\/wp\/v2\/types\/page"}],"author":[{"embeddable":true,"href":"https:\/\/pagis.npu.cz\/wordpress\/wp-json\/wp\/v2\/users\/3"}],"replies":[{"embeddable":true,"href":"https:\/\/pagis.npu.cz\/wordpress\/wp-json\/wp\/v2\/comments?post=3427"}],"version-history":[{"count":2,"href":"https:\/\/pagis.npu.cz\/wordpress\/wp-json\/wp\/v2\/pages\/3427\/revisions"}],"predecessor-version":[{"id":6843,"href":"https:\/\/pagis.npu.cz\/wordpress\/wp-json\/wp\/v2\/pages\/3427\/revisions\/6843"}],"wp:attachment":[{"href":"https:\/\/pagis.npu.cz\/wordpress\/wp-json\/wp\/v2\/media?parent=3427"}],"curies":[{"name":"wp","href":"https:\/\/api.w.org\/{rel}","templated":true}]}}